{"id":69,"date":"2020-07-08T21:08:07","date_gmt":"2020-07-08T19:08:07","guid":{"rendered":"http:\/\/edmondmorrel.be\/?page_id=69"},"modified":"2021-01-26T12:05:46","modified_gmt":"2021-01-26T11:05:46","slug":"marge-et-contre-marge","status":"publish","type":"page","link":"https:\/\/edmondmorrel.be\/?page_id=69","title":{"rendered":"Marge et Contre-Marge"},"content":{"rendered":"\n<p>Jacques De Decker fut toute sa vie un formidable passeur de sa passion des livres.<\/p>\n\n\n\n<p>Pendant des ann\u00e9es, Edmond Morrel lui a rendu visite, chaque semaine, pour enregistrer les appr\u00e9ciations qu\u2019il portait sur les derniers livres qu\u2019il avait lus ou relus.<\/p>\n\n\n\n<figure class=\"wp-block-image\"><img loading=\"lazy\" decoding=\"async\" width=\"701\" height=\"960\" src=\"https:\/\/edmondmorrel.be\/wp-content\/uploads\/2020\/07\/92913487_108825827459420_5963868021016494080_o.jpg\" alt=\"\" class=\"wp-image-351\" srcset=\"https:\/\/edmondmorrel.be\/wp-content\/uploads\/2020\/07\/92913487_108825827459420_5963868021016494080_o.jpg 701w, https:\/\/edmondmorrel.be\/wp-content\/uploads\/2020\/07\/92913487_108825827459420_5963868021016494080_o-219x300.jpg 219w, https:\/\/edmondmorrel.be\/wp-content\/uploads\/2020\/07\/92913487_108825827459420_5963868021016494080_o-200x274.jpg 200w, https:\/\/edmondmorrel.be\/wp-content\/uploads\/2020\/07\/92913487_108825827459420_5963868021016494080_o-690x945.jpg 690w\" sizes=\"auto, (max-width: 701px) 100vw, 701px\" \/><\/figure>\n\n\n\n<p>Ces improvisations nous conduisaient dans une biblioth\u00e8que aux entr\u00e9es multiples, rassasiant si faire se peut les curiosit\u00e9s les plus aiguis\u00e9es. <\/p>\n\n\n\n<p>A partir de septembre 2013, le registre des \u00ab\u00a0Marges\u00a0\u00bb s\u2019\u00e9largit&nbsp;: y furent aussi abord\u00e9s et comment\u00e9s des points d\u2019actualit\u00e9, des \u00e9v\u00e9nements, des faits de soci\u00e9t\u00e9 plac\u00e9s sous le regard de Jacques De Decker. <\/p>\n\n\n\n<p>Il les \u00e9voquait en les repla\u00e7ant dans un contexte plus vaste, nourri \u00e0 la fois d\u2019histoire et de culture. Une mani\u00e8re toujours inattendue de relire le monde.<\/p>\n\n\n\n<p><em>\u00ab\u00a0La marge\u00a0\u00bb de Jacques De Decker se d\u00e9clinait en trois versions : le texte publi\u00e9, le texte lu par l\u2019auteur, et le commentaire improvis\u00e9 par Jacques De Decker au micro d\u2019Edmond Morrel.<\/em><\/p>\n\n\n\n<p><a href=\"https:\/\/edmondmorrel.be\/?cat=5\">Retrouvez&nbsp;tous&nbsp;les&nbsp;entretiens&nbsp;ici<\/a><\/p>\n","protected":false},"excerpt":{"rendered":"<p>Jacques De Decker fut toute sa vie un formidable passeur de sa passion des livres. Pendant des ann\u00e9es, Edmond Morrel&nbsp;[&hellip;]<\/p>\n","protected":false},"author":1,"featured_media":71,"parent":0,"menu_order":0,"comment_status":"closed","ping_status":"closed","template":"","meta":{"footnotes":""},"class_list":["post-69","page","type-page","status-publish","has-post-thumbnail","hentry","post-item clearfix"],"_links":{"self":[{"href":"https:\/\/edmondmorrel.be\/index.php?rest_route=\/wp\/v2\/pages\/69","targetHints":{"allow":["GET"]}}],"collection":[{"href":"https:\/\/edmondmorrel.be\/index.php?rest_route=\/wp\/v2\/pages"}],"about":[{"href":"https:\/\/edmondmorrel.be\/index.php?rest_route=\/wp\/v2\/types\/page"}],"author":[{"embeddable":true,"href":"https:\/\/edmondmorrel.be\/index.php?rest_route=\/wp\/v2\/users\/1"}],"replies":[{"embeddable":true,"href":"https:\/\/edmondmorrel.be\/index.php?rest_route=%2Fwp%2Fv2%2Fcomments&post=69"}],"version-history":[{"count":7,"href":"https:\/\/edmondmorrel.be\/index.php?rest_route=\/wp\/v2\/pages\/69\/revisions"}],"predecessor-version":[{"id":3977,"href":"https:\/\/edmondmorrel.be\/index.php?rest_route=\/wp\/v2\/pages\/69\/revisions\/3977"}],"wp:featuredmedia":[{"embeddable":true,"href":"https:\/\/edmondmorrel.be\/index.php?rest_route=\/wp\/v2\/media\/71"}],"wp:attachment":[{"href":"https:\/\/edmondmorrel.be\/index.php?rest_route=%2Fwp%2Fv2%2Fmedia&parent=69"}],"curies":[{"name":"wp","href":"https:\/\/api.w.org\/{rel}","templated":true}]}}

<p>Jacques De Decker fut toute sa vie un formidable passeur de sa passion des livres.</p>



<p>Pendant des années, Edmond Morrel lui a rendu visite, chaque semaine, pour enregistrer les appréciations qu’il portait sur les derniers livres qu’il avait lus ou relus.</p>



<figure class="wp-block-image"><img loading="lazy" decoding="async" width="701" height="960" src="https://edmondmorrel.be/wp-content/uploads/2020/07/92913487_108825827459420_5963868021016494080_o.jpg" alt="" class="wp-image-351" srcset="https://edmondmorrel.be/wp-content/uploads/2020/07/92913487_108825827459420_5963868021016494080_o.jpg 701w, https://edmondmorrel.be/wp-content/uploads/2020/07/92913487_108825827459420_5963868021016494080_o-219x300.jpg 219w, https://edmondmorrel.be/wp-content/uploads/2020/07/92913487_108825827459420_5963868021016494080_o-200x274.jpg 200w, https://edmondmorrel.be/wp-content/uploads/2020/07/92913487_108825827459420_5963868021016494080_o-690x945.jpg 690w" sizes="auto, (max-width: 701px) 100vw, 701px" /></figure>



<p>Ces improvisations nous conduisaient dans une bibliothèque aux entrées multiples, rassasiant si faire se peut les curiosités les plus aiguisées. </p>



<p>A partir de septembre 2013, le registre des « Marges » s’élargit&nbsp;: y furent aussi abordés et commentés des points d’actualité, des événements, des faits de société placés sous le regard de Jacques De Decker. </p>



<p>Il les évoquait en les replaçant dans un contexte plus vaste, nourri à la fois d’histoire et de culture. Une manière toujours inattendue de relire le monde.</p>



<p><em>« La marge » de Jacques De Decker se déclinait en trois versions : le texte publié, le texte lu par l’auteur, et le commentaire improvisé par Jacques De Decker au micro d’Edmond Morrel.</em></p>



<p><a href="https://edmondmorrel.be/?cat=5">Retrouvez&nbsp;tous&nbsp;les&nbsp;entretiens&nbsp;ici</a></p>

<p>Jacques De Decker fut toute sa vie un formidable passeur de sa passion des livres. Pendant des années, Edmond Morrel&nbsp;[&hellip;]</p>
